{"id":13,"date":"2021-06-29T20:16:46","date_gmt":"2021-06-29T20:16:46","guid":{"rendered":"https:\/\/eka-eka.si\/?page_id=13"},"modified":"2021-08-05T20:09:15","modified_gmt":"2021-08-05T20:09:15","slug":"kdo-sem","status":"publish","type":"page","link":"https:\/\/eka-eka.si\/?page_id=13","title":{"rendered":"Kdo sem?"},"content":{"rendered":"<p>Ko sem bila mala, so me \u0161e mlaj\u0161i sestrici in brat klicali Eka. Sicer ne vidim ravno povezave z mojim pravim imenom, a starej\u0161a kot sem, bolj mi je v\u0161e\u010d. Eka.<\/p>\n<p><img loading=\"lazy\" decoding=\"async\" class=\"wp-image-43 size-medium aligncenter\" src=\"https:\/\/eka-eka.si\/wp-content\/uploads\/2021\/08\/kdo-sem-300x225.jpg\" alt=\"\" width=\"300\" height=\"225\" \/><\/p>\n<p>Kdo sem? Vpra\u0161anje za milijon dolarjev \ud83d\ude42 Kdo sem, ko nisem mama, \u017eena, h\u010derka, sestra, prijateljica, sodelavka\u2026 ?\u00a0 Sem raziskovalka. Raziskovalka sebe in \u017eivljenja. Ljubim \u017eivljenje. Ljubim naravo in vse kar je naravno. Tri besede, ki me najbolje opi\u0161ejo so: preprostost, optimizem in volja. Verjamem, da je vedno vse mogo\u010de. Le poti so razli\u010dne in raznolike.<\/p>\n<p><img loading=\"lazy\" decoding=\"async\" class=\"size-medium wp-image-44 aligncenter\" src=\"https:\/\/eka-eka.si\/wp-content\/uploads\/2021\/08\/Photo_1622892496602-300x225.jpg\" alt=\"\" width=\"300\" height=\"225\" \/><\/p>\n<p>Smo \u0161tiri\u010dlanska dru\u017eina, ki obo\u017eujemo kampiranje, ki obo\u017eujemo naravo na sploh in skupni \u010das najraje pre\u017eivljamo naravno in v naravi. Tu ni nikoli dolg\u010das. V svojih zapisih opisujem dogodke na\u0161ih potepanj, izletov ter vsakodnevnih pripetljajev, ki se me tako ali druga\u010de dotaknejo in me vodijo bli\u017eje k odgovorom na to, kdo sem.<\/p>\n<p>\u017delim si, da v mojih zapisih vsakdo najde tudi kaj zase, pa naj si bo to uporabna informacija s kakega izleta, uporaben recept, ideja ali pa uvod v opazovanje sebe in razmislek o sebi.<\/p>\n<p><img loading=\"lazy\" decoding=\"async\" class=\"size-medium wp-image-46 aligncenter\" src=\"https:\/\/eka-eka.si\/wp-content\/uploads\/2021\/08\/20210509_055237-300x225.jpg\" alt=\"\" width=\"300\" height=\"225\" \/><\/p>\n","protected":false},"excerpt":{"rendered":"<p>Ko sem bila mala, so me \u0161e mlaj\u0161i sestrici in brat klicali Eka. Sicer ne vidim ravno povezave z mojim pravim imenom, a starej\u0161a kot sem, bolj mi je v\u0161e\u010d. Eka. Kdo sem? Vpra\u0161anje za milijon dolarjev \ud83d\ude42 Kdo sem, ko nisem mama, \u017eena, h\u010derka, sestra, prijateljica, sodelavka\u2026 ?\u00a0 Sem raziskovalka. Raziskovalka sebe in \u017eivljenja. &hellip; <a href=\"https:\/\/eka-eka.si\/?page_id=13\" class=\"more-link\">Preberi ve\u010d o <span class=\"screen-reader-text\">Kdo sem?<\/span><\/a><\/p>\n","protected":false},"author":1,"featured_media":0,"parent":0,"menu_order":0,"comment_status":"closed","ping_status":"closed","template":"","meta":{"footnotes":""},"class_list":["post-13","page","type-page","status-publish","hentry"],"_links":{"self":[{"href":"https:\/\/eka-eka.si\/index.php?rest_route=\/wp\/v2\/pages\/13","targetHints":{"allow":["GET"]}}],"collection":[{"href":"https:\/\/eka-eka.si\/index.php?rest_route=\/wp\/v2\/pages"}],"about":[{"href":"https:\/\/eka-eka.si\/index.php?rest_route=\/wp\/v2\/types\/page"}],"author":[{"embeddable":true,"href":"https:\/\/eka-eka.si\/index.php?rest_route=\/wp\/v2\/users\/1"}],"replies":[{"embeddable":true,"href":"https:\/\/eka-eka.si\/index.php?rest_route=%2Fwp%2Fv2%2Fcomments&post=13"}],"version-history":[{"count":6,"href":"https:\/\/eka-eka.si\/index.php?rest_route=\/wp\/v2\/pages\/13\/revisions"}],"predecessor-version":[{"id":417,"href":"https:\/\/eka-eka.si\/index.php?rest_route=\/wp\/v2\/pages\/13\/revisions\/417"}],"wp:attachment":[{"href":"https:\/\/eka-eka.si\/index.php?rest_route=%2Fwp%2Fv2%2Fmedia&parent=13"}],"curies":[{"name":"wp","href":"https:\/\/api.w.org\/{rel}","templated":true}]}}